 and 126.
126
What is the greatest common factor of 48 and 218046?
6
Calculate the highest common divisor of 16083 and 9.
9
Calculate the highest common divisor of 6764 and 2774.
38
Calculate the greatest common factor of 498 and 363042.
498
Calculate the greatest common factor of 431382 and 7.
7
What is the highest common divisor of 5921 and 124?
31
What is the highest common factor of 864 and 603?
9
Calculate the highest common factor of 53230 and 120.
10
Calculate the highest common factor of 403 and 2743.
13
Calculate the highest common divisor of 1615 and 855.
95
Calculate the highest common divisor of 7936 and 5146.
62
Calculate the greatest common divisor of 252090 and 120.
30
Calculate the highest common factor of 1080 and 22815.
135
What is the highest common divisor of 1692 and 17907?
141
What is the greatest common factor of 285768 and 324?
324
Calculate the greatest common factor of 9 and 227484.
9
What is the greatest common factor of 280 and 177408?
56
Calculate the greatest common factor of 51030 and 405.
405
What is the greatest common factor of 288 and 156496?
16
What is the highest common factor of 248 and 1197158?
62
Calculate the highest common factor of 570312 and 32.
8
Calculate the greatest common factor of 216875 and 694.
347
What is the greatest common factor of 11495 and 2565?
95
What is the greatest common factor of 2405 and 236015?
65
What is the highest common factor of 512030 and 10?
10
What is the highest common divisor of 39988 and 29744?
52
What is the greatest common factor of 79864 and 56?
8
What is the greatest common factor of 53860 and 240?
20
Calculate the highest common divisor of 51467 and 10101.
481
Calculate the highest common divisor of 57743 and 1017.
113
Calculate the highest common divisor of 12 and 27822.
6
Calculate the highest common factor of 38 and 310669.
19
What is the highest common divisor of 8890 and 14112?
14
Calculate the greatest common factor of 5502 and 126.
42
Calculate the highest common divisor of 97837 and 3017.
431
Calculate the greatest common factor of 204390 and 3240.
270
What is the highest common factor of 23943 and 345?
69
What is the greatest common divisor of 90369 and 36?
9
Calculate the greatest common divisor of 1581 and 16151.
31
What is the highest common factor of 39 and 59761?
13
What is the highest common factor of 242352 and 264?
264
What is the greatest common divisor of 26 and 559754?
26
What is the highest common divisor of 39424 and 252?
28
Calculate the greatest common factor of 3427 and 2461.
23
Calculate the greatest common factor of 56844 and 1116.
36
Calculate the highest common factor of 3553 and 112233.
209
What is the highest common divisor of 111837 and 1485?
33
What is the greatest common factor of 287 and 2996?
7
What is the highest common factor of 441660 and 136?
68
Calculate the highest common divisor of 80 and 8090.
10
What is the highest common divisor of 1572 and 141873?
393
What is the highest common divisor of 5176 and 428?
4
Calculate the greatest common divisor of 126 and 57141.
63
What is the highest common factor of 7150572 and 926?
926
Calculate the greatest common divisor of 7 and 7.
7
Calculate the highest common factor of 3973 and 1644.
137
Calculate the highest common factor of 17708 and 3961.
233
What is the highest common divisor of 93413 and 109?
109
Calculate the greatest common factor of 33674 and 5311.
113
Calculate the greatest common factor of 35064 and 180.
36
Calculate the highest common divisor of 2 and 974338.
2
Calculate the highest common divisor of 4458553 and 11.
11
What is the highest common divisor of 4185 and 2914?
31
What is the highest common factor of 31302 and 2773?
47
Calculate the highest common divisor of 148320 and 20.
20
Calculate the highest common divisor of 2814 and 58692.
402
What is the greatest common factor of 20190 and 405?
15
What is the highest common divisor of 3520 and 25355?
55
Calculate the highest common divisor of 438 and 19637.
73
Calculate the greatest common factor of 2313 and 986109.
771
What is the greatest common divisor of 3087 and 51?
3
What is the greatest common factor of 126 and 118377?
63
What is the greatest common divisor of 4 and 111466?
2
Calculate the greatest common factor of 621 and 2901933.
621
Calculate the highest common factor of 4023 and 1043.
149
What is the greatest common divisor of 351 and 39?
39
Calculate the highest common factor of 225935 and 2920.
365
What is the highest common divisor of 1940355 and 3645?
1215
Calculate the greatest common factor of 66 and 324918.
66
What is the highest common factor of 3270 and 342696?
654
What is the greatest common factor of 25727 and 1228959?
1979
Calculate the highest common divisor of 1057274 and 38.
38
Calculate the highest common divisor of 7216 and 110.
22
Calculate the greatest common factor of 14385 and 30.
15
What is the highest common factor of 120477 and 84?
21
Calculate the greatest common divisor of 5889 and 755.
151
Calculate the greatest common divisor of 2365 and 1393845.
215
Calculate the greatest common factor of 21 and 248836.
7
What is the highest common factor of 147384 and 11392?
712
What is the highest common factor of 401388 and 52390?
806
What is the greatest common divisor of 1738 and 274?
2
What is the highest common divisor of 68714 and 34?
34
What is the greatest common factor of 1136601 and 6?
3
Calculate the highest common divisor of 1903 and 5190.
173
Calculate the greatest common factor of 33 and 2827.
11
What is the highest common factor of 383526 and 2475?
99
What is the greatest common factor of 75468 and 304?
76
Calculate the highest common factor of 50 and 68350.
50
What is the greatest common factor of 280 and 728?
56
Calculate the greatest common factor of 3794281 and 867.
289
Calculate the greatest common divisor of 10 and 1296615.
5
What is the highest common divisor of 2170 and 289030?
70
Calculate the highest common factor of 62911 and 53.
53
Calculate the greatest common factor of 385 and 4730.
55
What is the highest common divisor of 2178 and 5203?
121
Calculate the greatest common divisor of 1236 and 412.
412
Calculate the greatest common divisor of 8450 and 4485.
65
What is the greatest common divisor of 35373 and 26?
13
Calculate the greatest common factor of 73 and 7684783.
73
What is the greatest common divisor of 18670 and 1252757?
1867
Calculate the greatest common factor of 534 and 170702.
178
What is the greatest common divisor of 8576 and 25216?
128
Calculate the greatest common divisor of 115475 and 100.
25
What is the greatest common divisor of 86 and 32551?
43
Calculate the greatest common factor of 2080 and 260832.
416
What is the highest common factor of 20 and 269640?
20
Calculate the highest common divisor of 30409 and 5176.
647
Calculate the greatest common divisor of 1506 and 523335.
753
What is the highest common factor of 161710 and 42390?
1570
Calculate the greatest common factor of 112179 and 183.
183
Calculate the greatest common factor of 12 and 2654.
2
What is the greatest common factor of 1643 and 496?
31
What is the highest common factor of 2517 and 7642451?
839
Calculate the highest common divisor of 24617 and 5736.
239
Calculate the greatest common divisor of 1045 and 44840.
95
What is the greatest common divisor of 45 and 802545?
15
What is the highest common factor of 15593 and 31?
31
What is the greatest common factor of 22226481 and 2187?
2187
What is the greatest common divisor of 14801 and 19?
19
What is the highest common factor of 10096 and 193717?
631
What is the greatest common factor of 1890 and 116991?
189
Calculate the highest common divisor of 987 and 264516.
987
What is the greatest common factor of 240 and 647480?
40
What is the greatest common divisor of 24 and 1503132?
12
What is the highest common factor of 195 and 28535?
65
What is the highest common divisor of 2547 and 31554?
9
What is the highest common divisor of 19900 and 19100?
100
Calculate the highest common factor of 3174 and 73646.
46
Calculate the greatest common divisor of 4224 and 78276.
132
What is the highest common divisor of 234 and 119249?
13
Calculate the greatest common factor of 6 and 140574.
6
Calculate the greatest common factor of 205 and 944271.